119935793 composite?
True
Is 22180865219 prime?
True
Is 103112941 prime?
True
Is 14908219262 a prime number?
False
Is 1650417193 composite?
False
Is 914890731 a prime number?
False
Is 11345138039 a composite number?
False
Is 41498887681 composite?
True
Is 1026551269 a prime number?
False
Is 163115201 a prime number?
False
Is 28775577905 composite?
True
Is 1390862657 prime?
True
Is 10528683701 a composite number?
True
Is 74896182511 a prime number?
True
Is 665179597 a prime number?
True
Is 2575187 a composite number?
False
Is 42171938173 a prime number?
True
Is 56201542913 composite?
True
Is 113965566406 a composite number?
True
Is 338791069 a composite number?
False
Is 3240175993 prime?
False
Is 34221106651 a composite number?
False
Is 47835358049 a prime number?
True
Is 184108949 a composite number?
False
Is 786693563 a prime number?
False
Is 1428368327 a prime number?
False
Is 6716990431 composite?
False
Is 47069386487 a prime number?
False
Is 254235973 a composite number?
True
Is 23983371679 prime?
False
Is 181639287917 composite?
False
Is 273136919 a prime number?
False
Is 908613067 a composite number?
True
Is 10667865133 a composite number?
False
Is 11880318661 a composite number?
False
Is 51902442743 a prime number?
False
Is 113599247 composite?
False
Is 7178676079 a prime number?
True
Is 148956433 composite?
False
Is 1885281743 a prime number?
False
Is 8623954523 prime?
True
Is 392047199 prime?
True
Is 766375553 a prime number?
True
Is 1614959399 a composite number?
False
Is 383920423 a composite number?
False
Is 477418202 prime?
False
Is 142694932987 composite?
False
Is 63990187 prime?
True
Is 1025467671 a composite number?
True
Is 16758445663 prime?
True
Is 742358501 prime?
False
Is 7361010809 prime?
False
Is 14883436591 composite?
True
Is 407791429 composite?
False
Is 1386880331 prime?
False
Is 29987101 a prime number?
False
Is 81007727 composite?
False
Is 7756473181 composite?
True
Is 4818419117 prime?
True
Is 9467697227 a prime number?
False
Is 190010239 a prime number?
False
Is 257896037765 prime?
False
Is 621400733 a composite number?
True
Is 8645192939 a prime number?
True
Is 1066541183 a prime number?
True
Is 28556062078 a composite number?
True
Is 145821153433 composite?
False
Is 2812453415 a prime number?
False
Is 3110062279 prime?
False
Is 2140251961 a composite number?
False
Is 2647333081 composite?
False
Is 8455429627 a composite number?
True
Is 519540991 a prime number?
True
Is 827580883 prime?
True
Is 6834967658 a composite number?
True
Is 2600624401 composite?
False
Is 3728391937 a composite number?
False
Is 74903997731 a prime number?
True
Is 35892637237 a composite number?
False
Is 1246936907 prime?
True
Is 3142665907 a prime number?
False
Is 113688562973 prime?
False
Is 272657899 composite?
False
Is 227347241 a composite number?
True
Is 1569461111 a prime number?
False
Is 7883648779 a prime number?
False
Is 534093047 prime?
False
Is 440338837 a prime number?
True
Is 127009279 a composite number?
False
Is 568650679 a composite number?
True
Is 28878793687 a prime number?
False
Is 88252695989 composite?
False
Is 1832999437 a prime number?
True
Is 14573375161 composite?
True
Is 9123233909 a prime number?
True
Is 63693841153 composite?
False
Is 4294794263 composite?
False
Is 67475547967 a prime number?
True
Is 531459883 a composite number?
False
Is 6274430167 a prime number?
True
Is 1037881613 prime?
True
Is 1285664057 a prime number?
True
Is 1860338783 composite?
False
Is 1289862943 a composite number?
False
Is 445027886 a composite number?
True
Is 20070222773 composite?
False
Is 5901215069 a prime number?
False
Is 1009294883 prime?
False
Is 2747664223 composite?
False
Is 233366489 a composite number?
False
Is 104168861 a composite number?
False
Is 102853711 a prime number?
True
Is 20375390027 prime?
True
Is 8403046429 a composite number?
True
Is 8667693785 prime?
False
Is 822497651 a prime number?
False
Is 278472085781 composite?
False
Is 35850887081 a prime number?
True
Is 34959637201 composite?
True
Is 607795673 a prime number?
False
Is 5355566774 composite?
True
Is 10517192191 prime?
False
Is 17925788371 composite?
False
Is 1884936239 prime?
True
Is 13228273649 a prime number?
True
Is 331297789 a composite number?
True
Is 27188663507 prime?
False
Is 18154305571 composite?
True
Is 95113253 a prime number?
False
Is 2103255359 a prime number?
True
Is 9812667199 prime?
True
Is 15334331669 composite?
True
Is 591341057 a composite number?
False
Is 153877733 composite?
True
Is 6885348023 composite?
False
Is 5246916707 composite?
True
Is 41188949 a composite number?
False
Is 46120822081 a prime number?
False
Is 78777007 composite?
True
Is 19083366329 prime?
False
Is 37373811527 a prime number?
False
Is 191308074079 a composite number?
True
Is 44297803 a composite number?
True
Is 65101569877 prime?
False
Is 473199581 a prime number?
True
Is 125225137 composite?
False
Is 13024343123 a prime number?
False
Is 2465800823 prime?
False
Is 23662697587 a prime number?
True
Is 2113780241 prime?
True
Is 10323214667 prime?
False
Is 1698765577 prime?
True
Is 261432986 prime?
False
Is 33834395471 a composite number?
False
Is 7546607953 a composite number?
False
Is 27183890829 prime?
False
Is 27621776521 a prime number?
False
Is 6554248957 composite?
False
Is 220694191 prime?
False
Is 2901540373 a composite number?
True
Is 675087887 prime?
False
Is 19007445383 prime?
False
Is 5010228791 prime?
True
Is 89210812547 a composite number?
True
Is 336042041 prime?
False
Is 54998675642 a composite number?
True
Is 32857453949 prime?
True
Is 1414004539 composite?
False
Is 436185551 prime?
True
Is 7584762661 a prime number?
False
Is 4242583187 a prime number?
False
Is 3888814403 composite?
True
Is 123099547 a prime number?
False
Is 7542365807 a composite number?
False
Is 2232410129 composite?
False
Is 9711265501 composite?
True
Is 2368687619 prime?
False
Is 7679944079 a prime number?
True
Is 12362500399 composite?
True
Is 296263663 a prime number?
False
Is 696717397 composite?
False
Is 221607411 a prime number?
False
Is 450318839 a composite number?
False
Is 16064361557 composite?
False
Is 1707345845 composite?
True
Is 527599129 prime?
True
Is 146588304373 a prime number?
False
Is 141252411 composite?
True
Is 2216040017 prime?
False
Is 5220915097 a prime number?
False
Is 1794907297 composite?
False
Is 103420693 a composite number?
False
Is 7652515529 composite?
False
Is 505855367 a prime number?
True
Is 21497012161 a prime number?
True
Is 280797746267 prime?
False
Is 9842413589 a composite number?
False
Is 2722421893 composite?
True
Is 10748316239 composite?
False
Is 562296121 a prime number?
True
Is 698220307 prime?
True
Is 32753759 prime?
True
Is 3946007591 a prime number?
True
Is 855253627 prime?
True
Is 114120275293 prime?
False
Is 3070505917 prime?
True
Is 236671087 prime?
False
Is 235927469 composite?
False
Is 4941757319 prime?
False
Is 41087786821 composite?
False
Is 223175336305 prime?
False
Is 3142098727 prime?
False
Is 168516081281 composite?
False
Is 36978927087 composite?
True
Is 232734985027 a prime number?
True
Is 341143303 a composite number?
True
Is 591003769 prime?
True
Is 10774634491 a prime number?
False
Is 1867866911 composite?
False
Is 430096669 a prime number?
False
Is 6092235403 a composite number?
False
Is 512720627 prime?
False
Is 138689266769 a prime number?
False
Is 260273303 a composite number?
True
Is 83118251 a composite number?
True
Is 10225041971 a prime number?
True
Is 7928928719 composite?
False
Is 294383489 composite?
False
Is 10325711879 prime?
False
Is 18822126817 prime?
False
Is 5238746753 composite?
False
Is 2779629767 composite?
True
Is 3998305663 composite?
True
Is 2796965339 a composite number?
True
Is 20155053329 a prime number?
True
Is 14673514571 a composite number?
True
Is 617240933 a composite number?
True
Is 22456103 composite?
False
Is 272407897081 prime?
False
Is 1285019623 prime?
True
Is 156731749 a composite number?
True
Is 2859973099 prime?
False
Is 131783129 prime?
True
Is 73798115249 composite?
False
Is 3022461289 a prime number?
False
Is 139746353443 a prime number?
False
Is 2809832783 prime?
True
Is 1295234809 a prime number?
False
Is 21140114266 prime?
False
Is 1012855777 prime?
False
Is 